- -1685/306. Let q(w) be the first derivative of 5 + 0*w - f*w**2. What is q(1)?
-11
Let q(w) = 2*w**3 + 19*w**2 + 25*w + 7. Let o(i) = i**3 + 10*i**2 + 14*i + 4. Let b(p) = -11*o(p) + 6*q(p). Give b(-5).
-7
Let m(d) = -d**3 - 15*d**2 - 28*d - 22. Let t be m(-13). Let c(b) = 1 + 746*b + t*b**2 - 746*b. What is c(1)?
5
Suppose 55*a + 48 = 49*a. Let k(y) = -y**3 - 8*y**2 - 2*y - 7. What is k(a)?
9
Suppose 3*m + 11 = -1. Let s(z) = -z. Let f be (-1 - 0)*3/3. Let c(j) = 6*j - 6. Let x(r) = f*c(r) + m*s(r). Determine x(4).
-2
Let d(c) = c**3 + c + 3. Let h be d(0). Let s(w) be the first derivative of 2*w**2 + 8 - 4*w - 2/3*w**3. What is s(h)?
-10
Let t be (-1)/(-3) - 10/(-6). Let c be (18/27)/((-2)/(-6)). Suppose 4*x - c*x = -t. Let r(w) = 2*w - 1. Give r(x).
-3
Let f(x) = x**2 + 3*x + 1 + x**2 - 3*x**2. Let b(w) = -7*w - 3*w - 13 + 14*w. Let u be b(4). What is f(u)?
1
Let q(m) = -m - 6. Let s be q(-3). Let j(l) = 4*l + 15. Give j(s).
3
Let k(v) = -9 + 47*v + 39*v - 85*v. Give k(4).
-5
Let l(z) = 2*z**3 + z. Let y be l(1). Suppose 22 + 1 = -y*h + 5*x, 4*h + 4*x + 20 = 0. Let n(w) = -w**3 - 6*w**2 + 2*w + 5. Calculate n(h).
-7
Let i(p) = p**2 + 6*p + 6. Let u be 6/10*5*23. Suppose u*m + 8 = 67*m. Determine i(m).
-2
Let l(y) = y**3 - y**2 - y + 2. Let n be l(2). Suppose 6 = 3*b - q - 1, -n*q = b + 15. Let u(v) = 3 - b - v**2 + 3*v**2 - 6*v + 9*v. Calculate u(-2).
4
Let d(o) = -3*o**3 + 4*o**2 - o. Let a(s) = s**3 - s**2. Let y(n) = 4*a(n) + d(n). Determine y(2).
6
Let d(v) be the second derivative of 0 - 3/2*v**2 + 39*v + 1/3*v**3. Calculate d(-3).
-9
Let q(l) = -l + 1. Let r(k) = k**2 + 10*k + 3. Let a(f) = 3*q(f) + r(f). Let p = -1 + -17. Let v = p - -12. Give a(v).
0
Let k(z) = 5*z - 31. Let f be k(7). Let s(v) = v**2 - 4*v + 4. Calculate s(f).
4
Let b be (156 + -129)/(-1*6/4). Let z(a) = -2*a - 36. What is z(b)?
0
Let s(o) = -o**3 - 4*o**2 + 4*o - 6. Let d(k) = 4*k + 7. Let y(g) = g**3 - 5*g**2 - 3. Let m be y(5). Let a be d(m). Give s(a).
-1
Let z(l) be the third derivative of -l**9/60480 + l**8/5040 - l**7/1680 - l**6/240 + 2*l**5/15 + l**2. Let j(h) be the third derivative of z(h). Determine j(3).
-3
Let s(c) be the first derivative of -c**4/4 + 7*c**3/3 - 4*c**2 + 10*c - 200. Calculate s(6).
-2
Let l be 5 - 9/(9/(-4)). Let j(x) = -2 + 0*x - 6*x**2 + l*x**2 + 5 + 3*x + 3*x**3. What is j(-2)?
-15
Let d(c) be the third derivative of c**6/120 - c**5/15 + c**4/12 - c**3/6 + 5*c**2. Let r = -79 + 82. Calculate d(r).
-4
Let g(p) = -7*p + 1. Suppose -2*m + 8 = -4*t, 4*m + 3*t = 2*m - 13. Let x be (m - (-1 - 0))*1. Determine g(x).
8
Let k(s) be the first derivative of -6*s - 5 + 1/2*s**2. Let f(w) = w**2 + 13*w - 9. Let y be f(-14). What is k(y)?
-1
Let u(l) = 3*l**2 - 6*l + 6. Let d = -829 + 831. What is u(d)?
6
Let u(t) = t**3 + 5*t**2 + 5*t + 4. Let h be u(-4). Suppose h = 5*q - 3*n - 0*n, 0 = -3*q + 4*n. Let b(o) = -3 - o + 3*o - o. What is b(q)?
-3
Let h(g) = 5*g - 10. Let w(r) = -r + 4. Let q(t) = -2*h(t) - 7*w(t). Let b = -19 - -13. What is q(b)?
10
Let b(h) be the second derivative of 1/6*h**3 - 1/2*h**2 + 16*h + 0. Give b(0).
-1
Let b be (-70)/60 - (-1)/6. Let f be b + (-1 - 1) + -4. Let d(x) = -x**3 - 8*x**2 - 7*x + 2. What is d(f)?
2
Let f be ((-1)/(-3))/((-84)/(-3276)). Let o(x) = -x + 6. Calculate o(f).
-7
Let p(o) = 2*o - 3. Suppose 4*r - 2 = -7*t + 4*t, -4*r = -t - 10. Determine p(r).
1
Let j(p) be the second derivative of -5*p**3/6 + p**2/2 - 9*p + 4. Suppose t - 4*h + 7 = -4, 5*t = -4*h + 17. Determine j(t).
-4
Suppose i + 6 = -i. Let d(t) = -313 + 628 - 316 + t - 2*t + 3*t. Determine d(i).
-7
Let k(c) = -210*c - c**2 + 6 + 0*c**2 + 70*c + 81*c + 70*c. Give k(10).
16
Let h(q) = 0 + 2 - q**2 - 1629*q + 1621*q. Suppose -13*y + 8 - 99 = 0. Give h(y).
9
Let o(l) = -7*l**3 + 7. Let n be (-1 - (-1)/2)/(10/(-100)). Let a(g) = 7*g**3 - 6. Let q(f) = n*o(f) + 6*a(f). Give q(1).
6
Let s(i) be the third derivative of i**5/60 - i**4/3 - 4*i**3/3 + 80*i**2. Determine s(9).
1
Let w be (-4)/6 + 32/(-6). Let c(q) = -7*q - 11*q**2 + 5 - 4 + 44*q**2 - 34*q**2. Give c(w).
7
Suppose 0*z + 20 = -4*z. Let s(d) = d**3 + 5*d**2 - 4. Let n be s(z). Let m(q) = 2*q + 2. Calculate m(n).
-6
Let v(a) = -8*a**2 + 4*a - 9. Let o(h) = 8*h**2 - 3*h + 8. Let i(u) = -6*o(u) - 5*v(u). What is i(-1)?
-9
Let n(q) = q**2 + 5*q + 1. Let z = 9 + -10. Let d = z - -1. Suppose d*t + 7 = -c - t, -t = -2*c - 8. Determine n(c).
1
Suppose -2*b = 3*r + 7, -3*b - 5*r - 4 = 6. Let h(u) = -2*u**3 + 3 - 2*u**3 - 3*u**2 + 3*u**3 + 6*u - u**2. Determine h(b).
-2
Let q(j) be the second derivative of -30*j + 3*j**2 + 1/6*j**3 + 0. Give q(-5).
1
Let w be -1*(1 + 2 + -4). Let s(p) = 23*p**2 - 2*p + 2. What is s(w)?
23
Let f(j) be the second derivative of -j**5/20 - 3*j**2/2 - 39*j + 1. Determine f(0).
-3
Let i be 3*6/9 + -6. Let x(a) be the second derivative of -a**3/3 + 2*a**2 - 246*a. Determine x(i).
12
Suppose -18*j + 16*j + 2 = 0. Let i(o) = 6*o**3 + 63*o - 64*o + 2 - j. Give i(1).
6
Let a(j) be the third derivative of -j**9/60480 + j**8/5040 + j**6/360 - j**5/15 + 14*j**2. Let x(y) be the third derivative of a(y). Calculate x(4).
2
Let t(m) = -3*m**2 - 6*m + 4*m**2 + m. Let v(w) = -w**3 + 8*w**2 + 17*w + 34. Let x be v(10). Calculate t(x).
-4
Let o = 47 + -68. Let v be o*(-1 + 8/12). Let f = -10 + v. Let x(y) = y**2 - 2*y - 2. Calculate x(f).
13
Let t(w) be the first derivative of 8*w**3/3 + 85. What is t(-1)?
8
Suppose y = -0*y - 3*y. Let k(r) = -r**3 + 2*r**2 + 2*r - 2. Let d be k(2). Let z(g) = -d*g**3 + 6*g**3 - g**2 - 3*g**3 - 4. Calculate z(y).
-4
Suppose 0 = -p + 6 + 9. Let f = p + -12. Let m(c) = 1. Let o(q) = q**2 - q + 5. Let z(y) = -3*m(y) + o(y). Calculate z(f).
8
Let p(m) = -2*m + 2. Let z be p(0). Let y(u) = 0*u + 23*u**z + 0*u + 1 + 3*u - 4*u. Determine y(1).
23
Let t(d) be the third derivative of -d**5/60 - d**4/3 - 7*d**3/6 - 18*d**2 - 9. What is t(-8)?
-7
Let g(q) = q**3 - 6*q**2 + 5*q + 4. Suppose 588 = -w - 3*w. Let o = -142 - w. Give g(o).
4
Let h(p) = p - 7. Let k(z) = z - 3. Let v(c) = -2*h(c) + 5*k(c). Suppose -f = -6 + 1, 3*f - 3 = -3*x. Let s be (-1)/(-4) - 3/x. Give v(s).
2
Let y(m) be the first derivative of 1/20*m**5 - 1/2*m**2 - 6 + 1/3*m**3 + 5*m - 1/12*m**4. Let k(w) be the first derivative of y(w). Give k(1).
1
Let u(y) = -6*y + 4. Suppose -4*m - 2*z - 19 = -7, 0 = 5*z. Give u(m).
22
Let p(d) = -3*d + 13*d + 10 - 5*d - 6*d. Suppose 9 = 6*t - t + 4*w, 2*t - 4*w = 26. Give p(t).
5
Suppose -4*h + 5*h = 0. Suppose 10 = -2*a - h*a. Let p(r) = -r + 2. What is p(a)?
7
Let m(c) be the third derivative of 0*c + 1/30*c**6 + 17*c**2 + 0*c**5 + 1/24*c**4 + 0 + 0*c**3. Determine m(1).
5
Let u(m) = m**2 - 9*m + 14. Let z = -2139 + 2147. Give u(z).
6
Suppose 4*n = 2*n. Suppose 3*x + n*x + 15 = 0, 14 = -z - 4*x. Let t(y) be the first derivative of 3*y**2/2 - 8*y + 8. Calculate t(z).
10
Let n(f) = -42*f - 30. Let g(h) = -13*h - 9. Let m(l) = 8*g(l) - 3*n(l). Give m(-1).
-4
Let z(j) = j + 1. Let a = 358 - 360. Determine z(a).
-1
Let q(a) = 7*a**2 - 5*a. Let h(r) = 5*r**2 - 3*r. Let l(p) = 5*h(p) - 3*q(p). What is l(-1)?
4
Let f(r) = 12*r - 5*r - 7 + 16 - 8*r. Give f(0).
9
Let y(s) = 13*s. Let d be 4/(-10) - (-3 + 54/15). Calculate y(d).
-13
Let j be -1*(-3 - (1 + -4 - -2)). Let k(i) = i**3 - 5*i**2 + i - 1. Determine k(j).
-11
Let t(b) = 2*b**2 - 2*b + 3. Suppose -7*n + 3*n - 12 = 0. Let u(l) = -l**2 + l - 1. Let k(m) = n*u(m) - t(m). Suppose 3*c - 15 + 21 = 0. What is k(c)?
6
Let k(i) = -i**3 - 9*i**2 + 2*i + 9. Let z = 210 - 219. Calculate k(z).
-9
Let k(g) = -3*g**3 + 12*g**2 - 39*g + 21. Let i(b) = -b**3 + 3*b**2 - 9*b + 5. Let c(n) = 9*i(n) - 2*k(n). Give c(2).
-15
Let q = 20 - 16. Suppose 0 = q*j - 8*j. Let l(n) = 2*n + 3. Let x(h) = -5*h - 7. Let z(u) = 7*l(u) + 3*x(u). Determine z(j).
0
Let w(c) = 37*c**3 + 6 - 13*c**2 + 58*c**3 + 10*c - 94*c**3. Determine w(12).
-18
Let u(x) = -x**3 - x**2 - 3*x - 3. Let i(l) = -l**3 - l**2 - 2*l - 3. Let p(m) = -2*i(m) + 3*u(m). What is p(-3)?
30
Let k(s) = s**2 + 5*s - 5. Let o be 13 + (-12)/(-4) + 2. Let c = o + -24. Give k(c).
1
Let r(z) = z + 11. Let k(a) = a**2 + 7*a - 1. Let d be k(-5). Calculate r(d).
0
Let l(y) = -2*y**2 - 22*y - 33. Let o be l(-9). Let z(q) = -2*q - 7*q - 4*q**o - 2*q**2 + 9*q**3 + 8*q. Calculate z(-